{"id":236064,"date":"2020-08-12T16:09:23","date_gmt":"2020-08-12T19:09:23","guid":{"rendered":"https:\/\/notinor.com\/jujuy\/?page_id=236064"},"modified":"2024-11-25T13:23:36","modified_gmt":"2024-11-25T16:23:36","slug":"horoscopo-2","status":"publish","type":"page","link":"https:\/\/notinor.com\/jujuy\/horoscopo-2\/","title":{"rendered":"Hor\u00f3scopo semanal: predicciones del 25 de noviembre al 1 de diciembre de 2024 para todos los signos"},"content":{"rendered":"\n<p class=\"has-medium-font-size\"><strong><em>Mir\u00e1 qu\u00e9 le depara esta semana a los doce signos zodiacales.Mercurio retr\u00f3grado, Sol y Luna nueva en Sagitario.<\/em><\/strong><\/p>\n\n\n\n<p class=\"has-text-align-center\"><img decoding=\"async\" loading=\"lazy\" width=\"2000\" height=\"1500\" src=\"https:\/\/www.clarin.com\/img\/2024\/11\/15\/EIKqQqEHP_2000x1500__2.jpg#1731690580180\" alt=\"Hor\u00f3scopo semanal: predicciones del 25 de noviembre al 1 de diciembre de 2024 para todos los signos \">Hor\u00f3scopo semanal: predicciones 25 de noviembre al 1 de diciembre de 2024 para todos los signos del zodiaco<\/p>\n\n\n\n<p><a href=\"https:\/\/www.clarin.com\/autor\/fernando-tarragona.html\"><\/a><\/p>\n\n\n\n<p>El\u00a0<strong>hor\u00f3scopo semanal<\/strong>\u00a0del 25 de noviembre al 1 de diciembre de 2024 comienza con<\/p>\n\n\n\n<p>\u00a0<a rel=\"noreferrer noopener\" href=\"https:\/\/www.clarin.com\/astrologia\/mercurio-retrogrado-noviembre-2024-significa-dura-afecta_0_a87UiQpvuB.html\" target=\"_blank\">Mercurio retr\u00f3grado en el signo de Sagitario<\/a>\u00a0hasta el 15 de diciembre, invit\u00e1ndonos a cuidar de nuestras palabras y decisiones, enfocar la energ\u00eda mental para planificarnos a mediano y largo plazo. Adem\u00e1s, la semana responde\u00a0<a rel=\"noreferrer noopener\" href=\"https:\/\/www.clarin.com\/astrologia\/mercurio-retrogrado-noviembre-diciembre-2024-afecta-signo_0_ZsxhdBQIpV.html\" target=\"_blank\">c\u00f3mo afecta a cada signo esta retrogradaci\u00f3n<\/a>.<\/p>\n\n\n\n<p>El Sol en Sagitario armoniza con&nbsp;<a href=\"https:\/\/www.clarin.com\/astrologia\/marte-ingresa-cancer-depara-transito-planeta-marcial-activador_0_eW8NaBGAid.html\" target=\"_blank\" rel=\"noreferrer noopener\">Marte en Leo<\/a>, este&nbsp;<strong>poderoso tr\u00edgono<\/strong>&nbsp;nos impulsa hacia aquello que queremos con voluntad y optimismo.<\/p>\n\n\n\n<p>El domingo tendremos la Luna nueva en Sagitario, la energ\u00eda se potencia y la matriz est\u00e1 lista para fijar intenciones hacia grandes saltos personales.<\/p>\n\n\n\n<p>Esta Luna nueva es el&nbsp;<strong>momento m\u00e1s propicio del a\u00f1o para realizar rituales&nbsp;<\/strong>de&nbsp;<strong>siembra&nbsp;<\/strong>y manifestaci\u00f3n, trabajar en lograr mayor confianza en uno mismo y el universo que nos rodea.<\/p>\n\n\n\n<h2>Hor\u00f3scopo semanal para Aries<\/h2>\n\n\n\n<p>La semana estar\u00e1 marcada por la Luna nueva en armon\u00eda con Marte, su regente, invit\u00e1ndoles a sembrar nuevos proyectos y b\u00fasquedas a mediano y largo plazo, utilizar todo lo aprendido hasta hoy para lanzarse hacia un siguiente nivel. Aprovechen la energ\u00eda disponible para revisar sus creencias con respecto a las posibilidades, realizar afirmaciones personales que les inspiren a sentirse merecedores de bienestar, amor y prosperidad.<img decoding=\"async\" loading=\"lazy\" width=\"720\" height=\"480\" src=\"https:\/\/www.clarin.com\/img\/2024\/11\/15\/4mI3v_qfn_720x0__1.jpg\" alt=\"Aries, realicen afirmaciones personales que les inspiren. Foto: ilustraci\u00f3n Shutterstock\"><\/p>\n\n\n\n<p>Aries, realicen afirmaciones personales que les inspiren. Foto: ilustraci\u00f3n Shutterstock<\/p>\n\n\n\n<h2>Hor\u00f3scopo semanal para Tauro<\/h2>\n\n\n\n<p>La semana cuenta con la Luna nueva en su mundo de recursos compartidos, invit\u00e1ndoles a iniciar nuevas convivencias, asociaciones, mejorar sus relaciones actuales y\u00a0<strong>ordenar sus finanzas<\/strong>. Mercurio se encuentra retr\u00f3grado en esta misma \u00e1rea, as\u00ed que ser\u00e1 importante decidir solo despu\u00e9s de varios d\u00edas de observaci\u00f3n, meditaci\u00f3n y planificaci\u00f3n. Eviten inversiones en \u00e1mbitos vol\u00e1tiles o con personas dudosas o que insin\u00faen resultados milagrosos. Es un buen momento para iniciar o retomar terapias individuales o de pareja.<\/p>\n\n\n\n<p> <\/p>\n\n\n\n<p>.<img decoding=\"async\" loading=\"lazy\" width=\"720\" height=\"480\" src=\"https:\/\/www.clarin.com\/img\/2024\/11\/15\/IMmfaH6Xi_720x0__1.jpg\" alt=\"Tauro, eviten decisiones impulsivas y promesas de inversiones con resultados milagrosos.Foto: ilustraci\u00f3n Shutterstock\"><\/p>\n\n\n\n<p>Tauro, eviten decisiones impulsivas y promesas de inversiones con resultados milagrosos.Foto: ilustraci\u00f3n Shutterstock<\/p>\n\n\n\n<h2>Hor\u00f3scopo semanal para G\u00e9minis<\/h2>\n\n\n\n<p>La semana comienza\u00a0<strong>con Mercurio retr\u00f3grado en su \u00e1rea de relaciones<\/strong>, invit\u00e1ndoles a reflexionar sobre sus formas de vincularse y las creencias que tienen respecto a estas, tomarse el tiempo necesario para lograr mayor claridad sobre aquello que desean compartir. La Luna nueva les permitir\u00e1 iniciar nuevas formas de relacionarse con su pareja, socios, amistades y clientes.<img decoding=\"async\" loading=\"lazy\" width=\"720\" height=\"480\" src=\"https:\/\/www.clarin.com\/img\/2024\/11\/15\/vG8-sv-V7_720x0__1.jpg\" alt=\"G\u00e9minis, podr\u00e1n abrir y expandir sus redes de contactos. Foto: ilustraci\u00f3n Shutterstock\"><\/p>\n\n\n\n<p>G\u00e9minis, podr\u00e1n abrir y expandir sus redes de contactos. Foto: ilustraci\u00f3n Shutterstock<\/p>\n\n\n\n<h2>Hor\u00f3scopo semanal para C\u00e1ncer<\/h2>\n\n\n\n<p>La semana cuenta con la energ\u00eda disponible para revisar sus h\u00e1bitos y mejorar su rutina, realizar ejercicio, cuidar del cuerpo, su mente y emociones, elegir aquello que les nutra y aporte energ\u00eda. La Luna nueva les permite\u00a0<strong>sembrar nuevas b\u00fasquedas laborales<\/strong>\u00a0y profesiones, realizar mejoras que les permitan crecer y expandirse, animarse a ir por m\u00e1s y mejores resultados.<img decoding=\"async\" loading=\"lazy\" width=\"720\" height=\"480\" src=\"https:\/\/www.clarin.com\/img\/2024\/11\/15\/ymbmrMTH6_720x0__1.jpg\" alt=\"C\u00e1ncer, cuiden y nutran a su cuerpo. Foto: ilustraci\u00f3n Shutterstock\"><\/p>\n\n\n\n<p>C\u00e1ncer, cuiden y nutran a su cuerpo. Foto: ilustraci\u00f3n Shutterstock<\/p>\n\n\n\n<h2>Hor\u00f3scopo semanal para Leo<\/h2>\n\n\n\n<p>La semana cuenta con el poderoso\u00a0<strong>tr\u00edgono entre el Sol y Marte en su signo<\/strong>, motiv\u00e1ndolos a lanzarse por nuevas b\u00fasquedas y proyectos personales, confiar en su poder personal y recibir mayor reconocimiento por sus acciones y creaciones. La Luna nueva deja el terreno disponible para enfocarse en aquello que desean manifestar a nivel individual como tambi\u00e9n en sus relaciones de pareja y tambi\u00e9n amistades y grupos.<img decoding=\"async\" loading=\"lazy\" width=\"720\" height=\"480\" src=\"https:\/\/www.clarin.com\/img\/2024\/11\/15\/x4ZfZmjR4_720x0__1.jpg\" alt=\"Leo, conf\u00eden en su poder personal y vayan por nuevos proyectos. Foto: ilustraci\u00f3n Shutterstock\"><\/p>\n\n\n\n<p>Leo, conf\u00eden en su poder personal y vayan por nuevos proyectos. Foto: ilustraci\u00f3n Shutterstock<\/p>\n\n\n\n<h2>Hor\u00f3scopo semanal para Virgo<\/h2>\n\n\n\n<p>La semana comienza con Mercurio comenzando su retrogradaci\u00f3n en su ra\u00edz personal, invit\u00e1ndoles a\u00a0<strong>reflexionar sobre las memorias ancestrales<\/strong>\u00a0y sus creencias, atender asuntos familiares y del hogar, tener mayor paciencia y cuidado en sus movimientos y decisiones. La Luna nueva les invita a sembrar mejoras en su hogar, cuidar de sus energ\u00edas, realizar cambios en su nutrici\u00f3n, explorar nuevas formas de expresar sus emociones y necesidades.<img decoding=\"async\" loading=\"lazy\" width=\"720\" height=\"480\" src=\"https:\/\/www.clarin.com\/img\/2024\/11\/15\/xodDsGTBX_720x0__1.jpg\" alt=\"Virgo, exploren nuevas maneras de expresar sus emociones. Foto: ilustraci\u00f3n Shutterstock\"><\/p>\n\n\n\n<p>Virgo, exploren nuevas maneras de expresar sus emociones. Foto: ilustraci\u00f3n Shutterstock<\/p>\n\n\n\n<h2>Hor\u00f3scopo semanal para Libra<\/h2>\n\n\n\n<p>La semana comienza con la\u00a0<strong>Luna menguando en su signo<\/strong>, invit\u00e1ndoles a soltar viejas identidades que ya no les representan, nutrir su mundo personal, mejorar su rutina, alimentaci\u00f3n y descanso. La luna nueva les invita a sembrar nuevos pensamientos, conocimientos y herramientas, mejorar sus relaciones, expandir su mundo de posibilidades para dirigirse hacia destinos m\u00e1s pr\u00f3speros.<img decoding=\"async\" loading=\"lazy\" width=\"720\" height=\"480\" src=\"https:\/\/www.clarin.com\/img\/2024\/11\/15\/34NZ9dkud_720x0__1.jpg\" alt=\"Libra, suelten viejas identidades. Foto: ilustraci\u00f3n Shutterstock\"><\/p>\n\n\n\n<p>Libra, suelten viejas identidades. Foto: ilustraci\u00f3n Shutterstock<\/p>\n\n\n\n<h2>Hor\u00f3scopo semanal para Escorpio<\/h2>\n\n\n\n<p>La semana cuenta con la energ\u00eda disponible para atender su mundo personal, en especial a partir del mi\u00e9rcoles con el ingreso de la Luna a su signo, permiti\u00e9ndoles\u00a0<strong>soltar viejas cargas emocionales y costumbres<\/strong>\u00a0y h\u00e1bitos que les restan energ\u00eda. El domingo, la Luna nueva en Sagitario les invita a mejorar su mundo laboral, econ\u00f3mico y material, sentirse merecedores de expansi\u00f3n y prosperidad, realizar inversiones y abrir nuevas fuentes de ingresos.<img decoding=\"async\" loading=\"lazy\" width=\"720\" height=\"480\" src=\"https:\/\/www.clarin.com\/img\/2024\/11\/15\/p9Kc_oGyw_720x0__1.jpg\" alt=\"Escorpio, aprovechen la Luna nueva en Sagitario para hacer nuevas inversiones bien pensadas. Foto: ilustraci\u00f3n Shutterstock\"><\/p>\n\n\n\n<p>Escorpio, aprovechen la Luna nueva en Sagitario para hacer nuevas inversiones bien pensadas. Foto: ilustraci\u00f3n Shutterstock<\/p>\n\n\n\n<h2>Hor\u00f3scopo semanal para Sagitario<\/h2>\n\n\n\n<p>La semana comienza con Mercurio comenzando a retrogradar en su signo, invit\u00e1ndoles a revisar los pensamientos y creencias que tienen hacia ustedes mismos, sus deseos y posibilidades, su estima y confianza. La Luna nueva del domingo les invita a sembrar su propio renacimiento personal, darse amor y cuidado,\u00a0<strong>comenzar a sentirse merecedores<\/strong>\u00a0de todo lo bueno, pr\u00f3spero y amoroso que hay en el universo.<\/p>\n\n\n\n<p><img decoding=\"async\" loading=\"lazy\" width=\"720\" height=\"480\" src=\"https:\/\/www.clarin.com\/img\/2024\/11\/15\/tHDcjNJKG_720x0__1.jpg\" alt=\"Sagitario, una pregunta llega a su vida: \u00bfc\u00f3mo se ven a ustedes mismos? Foto: ilustraci\u00f3n Shutterstock\"><\/p>\n\n\n\n<p>Sagitario, una pregunta llega a su vida: \u00bfc\u00f3mo se ven a ustedes mismos? Foto: ilustraci\u00f3n Shutterstock<\/p>\n\n\n\n<h2>Hor\u00f3scopo semanal para Capricornio<\/h2>\n\n\n\n<p>La semana cuenta con la energ\u00eda disponible para atender su mundo interno y reflexionar sobre metas y anhelos pendientes,\u00a0<strong>Mercurio retr\u00f3grado<\/strong>\u00a0puede revivir deseos y metas que quedaron pausadas o frustradas, quiz\u00e1 se manifiesten para darles un cierre definitivo o resucitarlas. La Luna nueva les invita a sembrar\u00a0<strong>nuevas formas de conectar con su mundo espiritual<\/strong>, desarrollar mayor confianza en ustedes y la vida que les rodea, integrar y sanar experiencias complejas para la mente objetiva y l\u00f3gica.<img decoding=\"async\" loading=\"lazy\" width=\"720\" height=\"480\" src=\"https:\/\/www.clarin.com\/img\/2024\/11\/15\/KuBSW9vkx_720x0__1.jpg\" alt=\"Capricornio, abran su coraz\u00f3n y su intuici\u00f3n. No todo se entiende mediante la l\u00f3gica. Foto: ilustraci\u00f3n Shutterstock\"><\/p>\n\n\n\n<p>Capricornio, abran su coraz\u00f3n y su intuici\u00f3n. No todo se entiende mediante la l\u00f3gica. Foto: ilustraci\u00f3n Shutterstock<\/p>\n\n\n\n<h2>Hor\u00f3scopo semanal para Acuario<\/h2>\n\n\n\n<p>La semana cuenta con la energ\u00eda de Marte activo en su mundo vincular, trayendo movimiento y propuestas por parte de socios, pareja y amistades, aprovechen las\u00a0<strong>oportunidades de compartir, disfrutar<\/strong>\u00a0y aventurarse. El domingo la Luna nueva les invita a sembrar nuevas formas de relacionarse con grupos, mejorar sus relaciones y comenzar nuevos v\u00ednculos. Es una lunaci\u00f3n importante para sus pr\u00f3ximos pasos y proyectos, as\u00ed que es clave nutrir su mente con ideas y pensamientos expansivos.<img decoding=\"async\" loading=\"lazy\" width=\"720\" height=\"480\" src=\"https:\/\/www.clarin.com\/img\/2024\/11\/15\/-zpingjz-_720x0__1.jpg\" alt=\"Acuario, Marte en su mundo vincular activa propuestas en los negocios y el amor. Foto: ilustraci\u00f3n Shutterstock\"><\/p>\n\n\n\n<p>Acuario, Marte en su mundo vincular activa propuestas en los negocios y el amor. Foto: ilustraci\u00f3n Shutterstock<\/p>\n\n\n\n<h2>Hor\u00f3scopo semanal para Piscis<\/h2>\n\n\n\n<p>La semana cuenta con Mercurio retr\u00f3grado en su \u00e1rea de compromisos, invit\u00e1ndoles a\u00a0<strong>revisar contratos y responsabilidades<\/strong>\u00a0que necesitan actualizarse, \u00bftienen cargas o creencias ancestrales que les limitan en su proceso de individualizaci\u00f3n? El domingo, la Luna nueva les invita a sembrar nuevas formas de encarar sus proyectos personales y profesionales a mediano y largo plazo, abrir nuevas b\u00fasquedas laborales, mejorar su liderazgo y responsabilidad, asumir mayor madurez ante desaf\u00edos.<img decoding=\"async\" loading=\"lazy\" width=\"720\" height=\"480\" src=\"https:\/\/www.clarin.com\/img\/2024\/11\/15\/MTzNG0D7n_720x0__1.jpg\" alt=\"Piscis, asuman con constancia nuevos desaf\u00edos. Foto: ilustraci\u00f3n Shutterstock\"><\/p>\n\n\n\n<p>Piscis, asuman con constancia nuevos desaf\u00edos. Foto: ilustraci\u00f3n Shutterstock<\/p>\n","protected":false},"excerpt":{"rendered":"<p>Mir\u00e1 qu\u00e9 le depara esta semana a los doce signos zodiacales.Mercurio retr\u00f3grado, Sol y Luna nueva en Sagitario. Hor\u00f3scopo semanal: predicciones 25 de noviembre al 1 de diciembre de 2024 para todos los signos del zodiaco El\u00a0hor\u00f3scopo semanal\u00a0del 25 de noviembre al 1 de diciembre de 2024 comienza con \u00a0Mercurio retr\u00f3grado en el signo de [&hellip;]<\/p>\n","protected":false},"author":1,"featured_media":297484,"parent":0,"menu_order":0,"comment_status":"closed","ping_status":"closed","template":"","meta":{"_stopmodifiedupdate":false,"_modified_date":"","inline_featured_image":false,"spay_email":""},"_links":{"self":[{"href":"https:\/\/notinor.com\/jujuy\/wp-json\/wp\/v2\/pages\/236064"}],"collection":[{"href":"https:\/\/notinor.com\/jujuy\/wp-json\/wp\/v2\/pages"}],"about":[{"href":"https:\/\/notinor.com\/jujuy\/wp-json\/wp\/v2\/types\/page"}],"author":[{"embeddable":true,"href":"https:\/\/notinor.com\/jujuy\/wp-json\/wp\/v2\/users\/1"}],"replies":[{"embeddable":true,"href":"https:\/\/notinor.com\/jujuy\/wp-json\/wp\/v2\/comments?post=236064"}],"version-history":[{"count":197,"href":"https:\/\/notinor.com\/jujuy\/wp-json\/wp\/v2\/pages\/236064\/revisions"}],"predecessor-version":[{"id":419791,"href":"https:\/\/notinor.com\/jujuy\/wp-json\/wp\/v2\/pages\/236064\/revisions\/419791"}],"wp:featuredmedia":[{"embeddable":true,"href":"https:\/\/notinor.com\/jujuy\/wp-json\/wp\/v2\/media\/297484"}],"wp:attachment":[{"href":"https:\/\/notinor.com\/jujuy\/wp-json\/wp\/v2\/media?parent=236064"}],"curies":[{"name":"wp","href":"https:\/\/api.w.org\/{rel}","templated":true}]}}